{"id":1384,"date":"2021-01-01T22:42:19","date_gmt":"2021-01-01T21:42:19","guid":{"rendered":"http:\/\/nas-fmg.myds.me\/wordpress\/?page_id=1384"},"modified":"2021-01-17T14:06:00","modified_gmt":"2021-01-17T13:06:00","slug":"la-orientacion-en-los-procesos-de-ensenanza-aprendizaje","status":"publish","type":"page","link":"http:\/\/nas-fmg.myds.me\/wordpress\/la-orientacion-en-los-procesos-de-ensenanza-aprendizaje\/","title":{"rendered":"Programaci\u00f3n de Aula &#8211; Medidas de Adaptaci\u00f3n"},"content":{"rendered":"\n<p>\u00a0DESDE LA MATERIA DE EDUCACI\u00d3N F\u00cdSICA<\/p>\n\n\n\n<p><strong>Notas previas<\/strong><\/p>\n\n\n\n<p>Este proyecto no ser\u00e1 posible realizarlo sin una lectura exhaustiva de los materiales subidos al Campus en el apartado correspondiente. No ser\u00e1 posible improvisar su desarrollo por lo que se ruega empezar leyendo la documentaci\u00f3n.<\/p>\n\n\n\n<p>La evaluaci\u00f3n contempla la exposici\u00f3n de los proyectos realizados por parte de los grupos y se exigir\u00e1 un reparto equitativo de los tiempos de exposici\u00f3n entre los integrantes de cada grupo. Las exposiciones se realizar\u00e1n los d\u00edas <strong>14 y 21 de enero<\/strong>. El d\u00eda 14 expondr\u00e1n los grupos que asisten presencialmente a clase y el 21 los que asistan ese d\u00eda.<\/p>\n\n\n\n<p>El tiempo m\u00e1ximo de exposici\u00f3n ser\u00e1 de 45 minutos.<\/p>\n\n\n\n<p>Como en anteriores proyectos, se facilitar\u00e1 r\u00fabrica para la auto y la coevaluaci\u00f3n. Se evaluar\u00e1n competencias espec\u00edficas del contenido de la asignatura, relacionadas con la capacidad de comunicaci\u00f3n y con el uso de los recursos tecnol\u00f3gicos empleados para la exposici\u00f3n.<\/p>\n\n\n\n<p><strong>Descripci\u00f3n del Proyecto<\/strong><\/p>\n\n\n\n<p>Este \u00faltimo Proyecto pretende que cada uno de los grupos dise\u00f1e una propuesta educativa que d\u00e9 respuesta a una situaci\u00f3n ficticia pero lo m\u00e1s cercana a la realidad posible y que ponga el foco en la atenci\u00f3n a la diversidad.<\/p>\n\n\n\n<p>Para ello, deb\u00e9is imaginar o evocar un dentro de Secundaria y un aula concreta en la que impartimos la materia de Educaci\u00f3n F\u00edsica.<\/p>\n\n\n\n<p>Adem\u00e1s, elegir un determinado bloque de contenido (solo uno) o una parte del mismo de los que se imparten en ese nivel y <strong>desarrollar una programaci\u00f3n de aula<\/strong>. La <strong>temporalizaci\u00f3n<\/strong> no debe exceder el trabajo que se har\u00eda con los chicos en <strong>un mes de clase.<\/strong><br><\/p>\n\n\n\n<p>Esta programaci\u00f3n, adem\u00e1s de los elementos cl\u00e1sicos que la definen (Competencias, Objetivos, Contenidos, Indicadores de evaluaci\u00f3n, Metodolog\u00eda, recursos\u2026), debe contemplar <strong>medidas de atenci\u00f3n a la diversidad <\/strong>que den respuesta al grupo clase al que os enfrentais. Por eso es importante hacer una buena descripci\u00f3n del grupo en cuesti\u00f3n, haciendo especial \u00e9nfasis en aquellos\/as alumnos\/as que demanden una atenci\u00f3n espec\u00edfica.<br><\/p>\n\n\n\n<p>La evaluaci\u00f3n de este proyecto no pretende tanto valorar c\u00f3mo se dise\u00f1a t\u00e9cnicamente la impartici\u00f3n de la materia de Educaci\u00f3n F\u00edsica como la <strong>capacidad de aplicar los conocimientos relacionados con la Atenci\u00f3n a la Diversidad y Acci\u00f3n Tutorial<\/strong> que como sab\u00e9is se concretan en sendos Planes, el de AD y el de AT (PAD, PAT).<br><\/p>\n\n\n\n<p>Deb\u00e9is imaginar, adem\u00e1s de ese grupo de la ESO al que dais clase, que <strong>tanto<\/strong> <strong>el orientador como el tutor del grupo os piden que sea la Educaci\u00f3n F\u00edsica una materia clave para atender realidades espec\u00edficas de los alumnos que ten\u00e9is<\/strong>. Como se ha comentado anteriormente, estos alumnos pueden presentar un determinado conjunto de necesidades educativas que vosotros ten\u00e9is que definir.<br><\/p>\n\n\n\n<p>En s\u00edntesis, vuestra programaci\u00f3n de aula para no m\u00e1s de un mes de clase debe cumplir <strong>dos retos<\/strong> importantes:<br><\/p>\n\n\n\n<ol><li><strong>Reflejar el PAD*<\/strong> del centro en el que est\u00e1 vuestra aula y vuestro grupo, de manera que pod\u00e1is impartir el contenido elegido de Ed. F\u00edsica <strong>de la manera m\u00e1s inclusiva<\/strong> posible. Se supone que el orientador del centro os dar\u00eda alguna pauta de qu\u00e9 es y c\u00f3mo est\u00e1 desarrollado el PAD (en este caso es algo que deb\u00e9is deducir de las lecturas del Campus)<\/li><li>Colaborar <strong>desde la Ed. F\u00edsica con el tutor<\/strong> del grupo para trabajar alg\u00fan tema relacionado con alguna de las l\u00edneas de actuaci\u00f3n que todo PAT* debe implementar:<\/li><\/ol>\n\n\n\n<ol><li>Desarrollar el conocimiento de s\u00ed mismo y de su autoestima\u00a0<\/li><li>Desarrollar las habilidades sociales\u00a0<\/li><li>Ense\u00f1ar a pensar y a aprender\u00a0<\/li><li>Ense\u00f1ar a tomar decisiones<\/li><\/ol>\n\n\n\n<p>(*) PAD: Plan de atenci\u00f3n a la diversidad<\/p>\n\n\n\n<p>\u00a0\u00a0\u00a0\u00a0\u00a0PAT: Plan de acci\u00f3n tutorial<\/p>\n\n\n\n<p>En el siguiente Link esta el documento escrito donde se encuentra la programaci\u00f3n de aula que hicimos para demostrar que \u00e9ramos capaces de adaptarnos a los estudiantes con necesidades especiales y la presentaci\u00f3n power point que utilizamos para exponer el trabajo. <\/p>\n\n\n\n<p><a href=\"https:\/\/docs.google.com\/document\/d\/1PN6PFjqSEH2cAfxDuKsXM-9x4MwX2S8qJ1FKz4_3poU\/edit?usp=sharing\">https:\/\/docs.google.com\/document\/d\/1PN6PFjqSEH2cAfxDuKsXM-9x4MwX2S8qJ1FKz4_3poU\/edit?usp=sharing<\/a><\/p>\n\n\n\n<p><a href=\"https:\/\/drive.google.com\/file\/d\/1j5E1XBRxr86IqgOhNDOc4pj3bjQY-QjY\/view?usp=sharing\">https:\/\/drive.google.com\/file\/d\/1j5E1XBRxr86IqgOhNDOc4pj3bjQY-QjY\/view?usp=sharing<\/a><\/p>\n","protected":false},"excerpt":{"rendered":"<p>\u00a0DESDE LA MATERIA DE EDUCACI\u00d3N F\u00cdSICA Notas previas Este proyecto no ser\u00e1 posible realizarlo sin una lectura exhaustiva de los<\/p>\n","protected":false},"author":3,"featured_media":0,"parent":0,"menu_order":0,"comment_status":"closed","ping_status":"closed","template":"","meta":[],"_links":{"self":[{"href":"http:\/\/nas-fmg.myds.me\/wordpress\/wp-json\/wp\/v2\/pages\/1384"}],"collection":[{"href":"http:\/\/nas-fmg.myds.me\/wordpress\/wp-json\/wp\/v2\/pages"}],"about":[{"href":"http:\/\/nas-fmg.myds.me\/wordpress\/wp-json\/wp\/v2\/types\/page"}],"author":[{"embeddable":true,"href":"http:\/\/nas-fmg.myds.me\/wordpress\/wp-json\/wp\/v2\/users\/3"}],"replies":[{"embeddable":true,"href":"http:\/\/nas-fmg.myds.me\/wordpress\/wp-json\/wp\/v2\/comments?post=1384"}],"version-history":[{"count":2,"href":"http:\/\/nas-fmg.myds.me\/wordpress\/wp-json\/wp\/v2\/pages\/1384\/revisions"}],"predecessor-version":[{"id":1390,"href":"http:\/\/nas-fmg.myds.me\/wordpress\/wp-json\/wp\/v2\/pages\/1384\/revisions\/1390"}],"wp:attachment":[{"href":"http:\/\/nas-fmg.myds.me\/wordpress\/wp-json\/wp\/v2\/media?parent=1384"}],"curies":[{"name":"wp","href":"https:\/\/api.w.org\/{rel}","templated":true}]}}