{"id":1327,"date":"2020-11-27T01:51:57","date_gmt":"2020-11-27T00:51:57","guid":{"rendered":"http:\/\/nas-fmg.myds.me\/wordpress\/?page_id=1327"},"modified":"2020-11-27T02:42:32","modified_gmt":"2020-11-27T01:42:32","slug":"departamento-de-orientacion","status":"publish","type":"page","link":"http:\/\/nas-fmg.myds.me\/wordpress\/departamento-de-orientacion\/","title":{"rendered":"Departamento de orientaci\u00f3n"},"content":{"rendered":"\n<figure class=\"wp-block-embed-youtube wp-block-embed is-type-video is-provider-youtube wp-embed-aspect-4-3 wp-has-aspect-ratio\"><div class=\"wp-block-embed__wrapper\">\n<div class=\"fitvids-video\"><iframe loading=\"lazy\" title=\"El departamento de orientaci\u00f3n\" width=\"800\" height=\"600\" src=\"https:\/\/www.youtube.com\/embed\/ybE635PwJ6w?feature=oembed\" frameborder=\"0\" allow=\"accelerometer; autoplay; clipboard-write; encrypted-media; gyroscope; picture-in-picture\" allowfullscreen><\/iframe><\/div>\n<\/div><figcaption>Funcione miembros y que no es el departamento de orientaci\u00f3n<\/figcaption><\/figure>\n\n\n\n<figure class=\"wp-block-embed-youtube wp-block-embed is-type-video is-provider-youtube wp-embed-aspect-16-9 wp-has-aspect-ratio\"><div class=\"wp-block-embed__wrapper\">\n<div class=\"fitvids-video\"><iframe loading=\"lazy\" title=\"Departamento Orientaci\u00f3n Colegio Amanecer (Alcorc\u00f3n)\" width=\"800\" height=\"450\" src=\"https:\/\/www.youtube.com\/embed\/wbNx6i8kE6w?feature=oembed\" frameborder=\"0\" allow=\"accelerometer; autoplay; clipboard-write; encrypted-media; gyroscope; picture-in-picture\" allowfullscreen><\/iframe><\/div>\n<\/div><figcaption>El jefe del departamento de orientaci\u00f3n y sus funciones en el centro educativo<\/figcaption><\/figure>\n\n\n\n<figure class=\"wp-block-embed-youtube wp-block-embed is-type-video is-provider-youtube wp-embed-aspect-16-9 wp-has-aspect-ratio\"><div class=\"wp-block-embed__wrapper\">\n<div class=\"fitvids-video\"><iframe loading=\"lazy\" title=\"\u00bfEn qu\u00e9 consiste la Orientaci\u00f3n Educativa?\" width=\"800\" height=\"450\" src=\"https:\/\/www.youtube.com\/embed\/LQohxKS29mg?feature=oembed\" frameborder=\"0\" allow=\"accelerometer; autoplay; clipboard-write; encrypted-media; gyroscope; picture-in-picture\" allowfullscreen><\/iframe><\/div>\n<\/div><figcaption> Entrevista a Marta Pe\u00f1a, orientadora en el IES Miraflores (Oleiros, A Coru\u00f1a), en la que nos explica muy brevemente cu\u00e1les son las principales funciones de un orientador en un centro educativo. <\/figcaption><\/figure>\n","protected":false},"excerpt":{"rendered":"","protected":false},"author":3,"featured_media":0,"parent":0,"menu_order":0,"comment_status":"closed","ping_status":"closed","template":"","meta":[],"_links":{"self":[{"href":"http:\/\/nas-fmg.myds.me\/wordpress\/wp-json\/wp\/v2\/pages\/1327"}],"collection":[{"href":"http:\/\/nas-fmg.myds.me\/wordpress\/wp-json\/wp\/v2\/pages"}],"about":[{"href":"http:\/\/nas-fmg.myds.me\/wordpress\/wp-json\/wp\/v2\/types\/page"}],"author":[{"embeddable":true,"href":"http:\/\/nas-fmg.myds.me\/wordpress\/wp-json\/wp\/v2\/users\/3"}],"replies":[{"embeddable":true,"href":"http:\/\/nas-fmg.myds.me\/wordpress\/wp-json\/wp\/v2\/comments?post=1327"}],"version-history":[{"count":3,"href":"http:\/\/nas-fmg.myds.me\/wordpress\/wp-json\/wp\/v2\/pages\/1327\/revisions"}],"predecessor-version":[{"id":1353,"href":"http:\/\/nas-fmg.myds.me\/wordpress\/wp-json\/wp\/v2\/pages\/1327\/revisions\/1353"}],"wp:attachment":[{"href":"http:\/\/nas-fmg.myds.me\/wordpress\/wp-json\/wp\/v2\/media?parent=1327"}],"curies":[{"name":"wp","href":"https:\/\/api.w.org\/{rel}","templated":true}]}}