{"id":1173,"date":"2020-11-17T19:42:17","date_gmt":"2020-11-17T18:42:17","guid":{"rendered":"http:\/\/nas-fmg.myds.me\/wordpress\/?page_id=1173"},"modified":"2020-11-19T22:20:10","modified_gmt":"2020-11-19T21:20:10","slug":"lomce-ley-organica-mejora-de-calidad-de-la-educacion-2015","status":"publish","type":"page","link":"http:\/\/nas-fmg.myds.me\/wordpress\/lomce-ley-organica-mejora-de-calidad-de-la-educacion-2015\/","title":{"rendered":"LOMCE &#8211; Ley org\u00e1nica mejora de calidad de la educaci\u00f3n 2015"},"content":{"rendered":"\n<p>Pese a los intentos de Angel Gabilondo en 2013 de buscar un pacto educativo mediante concesiones a Partido Popular no fue hasta 2015 cuando se instauro la pen\u00faltima ley de educaci\u00f3n la LOMCE, tambi\u00e9n conocida como la ley Wert.<\/p>\n\n\n\n<div class=\"wp-block-image\"><figure class=\"aligncenter size-large\"><img decoding=\"async\" loading=\"lazy\" width=\"470\" height=\"313\" src=\"http:\/\/nas-fmg.myds.me\/wordpress\/wp-content\/uploads\/2020\/11\/1361990270_0.jpg\" alt=\"\" class=\"wp-image-1264\" srcset=\"http:\/\/nas-fmg.myds.me\/wordpress\/wp-content\/uploads\/2020\/11\/1361990270_0.jpg 470w, http:\/\/nas-fmg.myds.me\/wordpress\/wp-content\/uploads\/2020\/11\/1361990270_0-300x200.jpg 300w\" sizes=\"(max-width: 470px) 100vw, 470px\" \/><figcaption>Un verdadero pol\u00edtico que busca el pacto y convivencia entre todos <br>Angel Gabilondo. <\/figcaption><\/figure><\/div>\n\n\n\n<p>En 2015 se aprobaba la muy critica ley Wert o LOMCE a continuaci\u00f3n destacare los cambios que supuso esta ley para la educaci\u00f3n:<\/p>\n\n\n\n<ul><li>Recupera puntos de la LOCE<\/li><li>Instaura revalidas al final de ESO y bachillerato.<\/li><li>Control central de las asignaturas centrales.<\/li><li>Especializaciones en determinadas \u00e1reas de formaci\u00f3n profesional y bachillerato.<\/li><li>Adjudica m\u00e1s poderes a los directores en detrimento de los consejos formados por familias y docentes. <\/li><li>Elimina ciencias del mundo contempor\u00e1neo y educaci\u00f3n c\u00edvica. <\/li><li>Apoya a la educaci\u00f3n privada adjudicando suelo p\u00fablico para la construcci\u00f3n de centros privados. <\/li><\/ul>\n\n\n\n<p class=\"has-text-align-center\">A continuaci\u00f3n presento un video que explica la LOMCE <\/p>\n\n\n\n<figure class=\"wp-block-embed-youtube wp-block-embed is-type-video is-provider-youtube wp-embed-aspect-16-9 wp-has-aspect-ratio\"><div class=\"wp-block-embed__wrapper\">\n<div class=\"fitvids-video\"><iframe loading=\"lazy\" title=\"Conferencia: La LOMCE en resumen - Avelino Saras\u00faa\" width=\"800\" height=\"450\" src=\"https:\/\/www.youtube.com\/embed\/gtO4JX-EmAM?feature=oembed\" frameborder=\"0\" allow=\"accelerometer; autoplay; clipboard-write; encrypted-media; gyroscope; picture-in-picture\" allowfullscreen><\/iframe><\/div>\n<\/div><\/figure>\n\n\n\n<p class=\"has-text-align-center\">Criticas a la LOMCE por TONUCCI<\/p>\n\n\n\n<figure class=\"wp-block-embed-youtube wp-block-embed is-type-video is-provider-youtube wp-embed-aspect-16-9 wp-has-aspect-ratio\"><div class=\"wp-block-embed__wrapper\">\n<div class=\"fitvids-video\"><iframe loading=\"lazy\" title=\"La LOMCE seg\u00fan TONUCCI - STOP LEY WERT\/ www.stopleywert.org\" width=\"800\" height=\"450\" src=\"https:\/\/www.youtube.com\/embed\/F0IPsqozlgI?feature=oembed\" frameborder=\"0\" allow=\"accelerometer; autoplay; clipboard-write; encrypted-media; gyroscope; picture-in-picture\" allowfullscreen><\/iframe><\/div>\n<\/div><\/figure>\n\n\n\n<p>La ley no conto con ning\u00fan solo apoyo en su aprobaci\u00f3n, sin embargo fue aprobada por la mayor\u00eda absoluta que el partido popular del expresidente Mariano Rajoy. <\/p>\n\n\n\n<p>Esta ley fue muy criticada en el mundo de la educaci\u00f3n. A d\u00eda de hoy sabemos que el nivel de abandono y de fracaso escolar de casi el 30 % lo cual es bastante clarificador sobre que la LOMCE no ha funcionado como se esperaba que lo hiciera, adem\u00e1s Espa\u00f1a ha obtenido un rendimiento en las pruebas PISA inferior a la media de los paises miembros de la OECD lo que implica que el sistema educativo sigue fallando.<\/p>\n\n\n\n<p><\/p>\n","protected":false},"excerpt":{"rendered":"<p>Pese a los intentos de Angel Gabilondo en 2013 de buscar un pacto educativo mediante concesiones a Partido Popular no<\/p>\n","protected":false},"author":3,"featured_media":0,"parent":0,"menu_order":0,"comment_status":"closed","ping_status":"closed","template":"","meta":[],"_links":{"self":[{"href":"http:\/\/nas-fmg.myds.me\/wordpress\/wp-json\/wp\/v2\/pages\/1173"}],"collection":[{"href":"http:\/\/nas-fmg.myds.me\/wordpress\/wp-json\/wp\/v2\/pages"}],"about":[{"href":"http:\/\/nas-fmg.myds.me\/wordpress\/wp-json\/wp\/v2\/types\/page"}],"author":[{"embeddable":true,"href":"http:\/\/nas-fmg.myds.me\/wordpress\/wp-json\/wp\/v2\/users\/3"}],"replies":[{"embeddable":true,"href":"http:\/\/nas-fmg.myds.me\/wordpress\/wp-json\/wp\/v2\/comments?post=1173"}],"version-history":[{"count":3,"href":"http:\/\/nas-fmg.myds.me\/wordpress\/wp-json\/wp\/v2\/pages\/1173\/revisions"}],"predecessor-version":[{"id":1265,"href":"http:\/\/nas-fmg.myds.me\/wordpress\/wp-json\/wp\/v2\/pages\/1173\/revisions\/1265"}],"wp:attachment":[{"href":"http:\/\/nas-fmg.myds.me\/wordpress\/wp-json\/wp\/v2\/media?parent=1173"}],"curies":[{"name":"wp","href":"https:\/\/api.w.org\/{rel}","templated":true}]}}