{"id":1165,"date":"2020-11-17T19:39:56","date_gmt":"2020-11-17T18:39:56","guid":{"rendered":"http:\/\/nas-fmg.myds.me\/wordpress\/?page_id=1165"},"modified":"2020-11-19T21:11:19","modified_gmt":"2020-11-19T20:11:19","slug":"lode-ley-organica-derecho-a-la-educacion-1985","status":"publish","type":"page","link":"http:\/\/nas-fmg.myds.me\/wordpress\/lode-ley-organica-derecho-a-la-educacion-1985\/","title":{"rendered":"LODE &#8211; Ley org\u00e1nica derecho a la educaci\u00f3n 1985"},"content":{"rendered":"\n<p>El PSOE ganar\u00eda las elecciones y ser\u00eda el protagonista de la siguiente ley org\u00e1nica que no sent\u00f3 muy bien a la oposici\u00f3n, hecho que quedo plasmado en un agrio debate parlamentario.<\/p>\n\n\n\n<p>La nueva ley subvencionar\u00eda a la educaci\u00f3n privada pero recibir\u00eda contrapartidas a cambio, adem\u00e1s cumplir\u00eda con la constituci\u00f3n al permitir a los padres elegir la educaci\u00f3n y el centro docente que quieran. <\/p>\n\n\n\n<p>Se establecieron otras novedades en la nueva ley, como la aplicaci\u00f3n de criterios a la hora de la matricula de admisi\u00f3n como la renta o la proximidad al centro educativo. <\/p>\n\n\n\n<p>Como otras leyes esta tambi\u00e9n hizo su triunfal paseo por los tribunales, triunfal por que los jueces fallaron a favor del <br>PSOE puesto que estos hab\u00edan respetado en todo momento la amplia base que la constituci\u00f3n aportaba. <\/p>\n\n\n\n<p>Pese a todo muchos ciudadanos se manifestaron en contra de esta ley ya que a su juicio era injusta.<\/p>\n\n\n\n<div class=\"wp-block-image\"><figure class=\"aligncenter size-large\"><img decoding=\"async\" loading=\"lazy\" width=\"400\" height=\"294\" src=\"http:\/\/nas-fmg.myds.me\/wordpress\/wp-content\/uploads\/2020\/11\/image_content_18455130_20161113220209.jpg\" alt=\"\" class=\"wp-image-1244\" srcset=\"http:\/\/nas-fmg.myds.me\/wordpress\/wp-content\/uploads\/2020\/11\/image_content_18455130_20161113220209.jpg 400w, http:\/\/nas-fmg.myds.me\/wordpress\/wp-content\/uploads\/2020\/11\/image_content_18455130_20161113220209-300x221.jpg 300w\" sizes=\"(max-width: 400px) 100vw, 400px\" \/><figcaption>Manifestaci\u00f3n en Madrid contra la LODE 1985<\/figcaption><\/figure><\/div>\n","protected":false},"excerpt":{"rendered":"<p>El PSOE ganar\u00eda las elecciones y ser\u00eda el protagonista de la siguiente ley org\u00e1nica que no sent\u00f3 muy bien a<\/p>\n","protected":false},"author":3,"featured_media":0,"parent":0,"menu_order":0,"comment_status":"closed","ping_status":"closed","template":"","meta":[],"_links":{"self":[{"href":"http:\/\/nas-fmg.myds.me\/wordpress\/wp-json\/wp\/v2\/pages\/1165"}],"collection":[{"href":"http:\/\/nas-fmg.myds.me\/wordpress\/wp-json\/wp\/v2\/pages"}],"about":[{"href":"http:\/\/nas-fmg.myds.me\/wordpress\/wp-json\/wp\/v2\/types\/page"}],"author":[{"embeddable":true,"href":"http:\/\/nas-fmg.myds.me\/wordpress\/wp-json\/wp\/v2\/users\/3"}],"replies":[{"embeddable":true,"href":"http:\/\/nas-fmg.myds.me\/wordpress\/wp-json\/wp\/v2\/comments?post=1165"}],"version-history":[{"count":4,"href":"http:\/\/nas-fmg.myds.me\/wordpress\/wp-json\/wp\/v2\/pages\/1165\/revisions"}],"predecessor-version":[{"id":1246,"href":"http:\/\/nas-fmg.myds.me\/wordpress\/wp-json\/wp\/v2\/pages\/1165\/revisions\/1246"}],"wp:attachment":[{"href":"http:\/\/nas-fmg.myds.me\/wordpress\/wp-json\/wp\/v2\/media?parent=1165"}],"curies":[{"name":"wp","href":"https:\/\/api.w.org\/{rel}","templated":true}]}}