{"id":1162,"date":"2020-11-17T19:39:12","date_gmt":"2020-11-17T18:39:12","guid":{"rendered":"http:\/\/nas-fmg.myds.me\/wordpress\/?page_id=1162"},"modified":"2020-11-19T21:00:21","modified_gmt":"2020-11-19T20:00:21","slug":"loece-ley-organica-reguladora-del-estatuto-de-centros-escolares-1980","status":"publish","type":"page","link":"http:\/\/nas-fmg.myds.me\/wordpress\/loece-ley-organica-reguladora-del-estatuto-de-centros-escolares-1980\/","title":{"rendered":"LOECE &#8211; Ley org\u00e1nica reguladora del estatuto de centros escolares 1980"},"content":{"rendered":"\n<p>Como en sus sucesoras esta ley no estuvo exenta de pol\u00e9mica y supuso una primera prueba de la amplia base que la constituci\u00f3n establec\u00eda. <\/p>\n\n\n\n<p>Uni\u00f3n de centro democr\u00e1tico era el partido que gobernaba por aquel entonces con Adolfo Suarez a la cabeza del partido, debemos recordar que este partido era de corte conservador y primo la liberta de ense\u00f1anza dando privilegios de financiaci\u00f3n a la iglesia y a la educaci\u00f3n privada sin contrapartidas, todo esto derivo en los tribunales en la que se eliminaron varios puntos. <\/p>\n\n\n\n<div class=\"wp-block-image\"><figure class=\"aligncenter size-large\"><img decoding=\"async\" loading=\"lazy\" width=\"354\" height=\"465\" src=\"http:\/\/nas-fmg.myds.me\/wordpress\/wp-content\/uploads\/2020\/11\/Adolfo-Suarez-presidente-UCD-1978.jpeg\" alt=\"\" class=\"wp-image-1240\" srcset=\"http:\/\/nas-fmg.myds.me\/wordpress\/wp-content\/uploads\/2020\/11\/Adolfo-Suarez-presidente-UCD-1978.jpeg 354w, http:\/\/nas-fmg.myds.me\/wordpress\/wp-content\/uploads\/2020\/11\/Adolfo-Suarez-presidente-UCD-1978-228x300.jpeg 228w\" sizes=\"(max-width: 354px) 100vw, 354px\" \/><figcaption>Primer presidente de la Espa\u00f1a democr\u00e1tica<br>Adolfo Suarez  <\/figcaption><\/figure><\/div>\n","protected":false},"excerpt":{"rendered":"<p>Como en sus sucesoras esta ley no estuvo exenta de pol\u00e9mica y supuso una primera prueba de la amplia base<\/p>\n","protected":false},"author":3,"featured_media":0,"parent":0,"menu_order":0,"comment_status":"closed","ping_status":"closed","template":"","meta":[],"_links":{"self":[{"href":"http:\/\/nas-fmg.myds.me\/wordpress\/wp-json\/wp\/v2\/pages\/1162"}],"collection":[{"href":"http:\/\/nas-fmg.myds.me\/wordpress\/wp-json\/wp\/v2\/pages"}],"about":[{"href":"http:\/\/nas-fmg.myds.me\/wordpress\/wp-json\/wp\/v2\/types\/page"}],"author":[{"embeddable":true,"href":"http:\/\/nas-fmg.myds.me\/wordpress\/wp-json\/wp\/v2\/users\/3"}],"replies":[{"embeddable":true,"href":"http:\/\/nas-fmg.myds.me\/wordpress\/wp-json\/wp\/v2\/comments?post=1162"}],"version-history":[{"count":2,"href":"http:\/\/nas-fmg.myds.me\/wordpress\/wp-json\/wp\/v2\/pages\/1162\/revisions"}],"predecessor-version":[{"id":1241,"href":"http:\/\/nas-fmg.myds.me\/wordpress\/wp-json\/wp\/v2\/pages\/1162\/revisions\/1241"}],"wp:attachment":[{"href":"http:\/\/nas-fmg.myds.me\/wordpress\/wp-json\/wp\/v2\/media?parent=1162"}],"curies":[{"name":"wp","href":"https:\/\/api.w.org\/{rel}","templated":true}]}}