{"id":1147,"date":"2020-11-17T19:33:09","date_gmt":"2020-11-17T18:33:09","guid":{"rendered":"http:\/\/nas-fmg.myds.me\/wordpress\/?page_id=1147"},"modified":"2020-11-19T19:14:59","modified_gmt":"2020-11-19T18:14:59","slug":"ley-moyano-1857","status":"publish","type":"page","link":"http:\/\/nas-fmg.myds.me\/wordpress\/ley-moyano-1857\/","title":{"rendered":"Ley Moyano 1857"},"content":{"rendered":"\n<p> <strong><em>S.XIX &#8211; Ley Moyano<\/em><\/strong> <\/p>\n\n\n\n<p><\/p>\n\n\n\n<p>A comienzos de siglo tuvo lugar &#8220;La Regencia&#8221; propone medidas para el arreglo de los diversas ramas de la instrucci\u00f3n p\u00fablica plasmando los ideales liberales de la \u00e9poca, sin embargo los gobiernos absolutistas de Fernando VII impidieron su desarrollo. <\/p>\n\n\n\n<p> En la mitad del S.XIX la secundaria paso a denominarse <strong>la segunda ense\u00f1anza<\/strong> y se creo y desarrollo el sistema educativo nacional adem\u00e1s de la creaci\u00f3n de los primeros institutos<\/p>\n\n\n\n<p>A mediados de siglo XIX Isabell II era la reina de Espa\u00f1a y el gobierno era de car\u00e1cter moderado. En esta \u00e9poca se recogen 30 normativas educativas lo que implicaba un gran n\u00famero y un constante cambio en el funcionamiento de la segunda ense\u00f1anza, sin embargo Espa\u00f1a comenzaba su camino a la construcci\u00f3n de un sistema educativo mucho m\u00e1s productivo.  <\/p>\n\n\n\n<figure class=\"wp-block-image size-large\"><img decoding=\"async\" loading=\"lazy\" width=\"1024\" height=\"573\" src=\"http:\/\/nas-fmg.myds.me\/wordpress\/wp-content\/uploads\/2020\/11\/ISABEL-II-1024x573.jpg\" alt=\"\" class=\"wp-image-1216\" srcset=\"http:\/\/nas-fmg.myds.me\/wordpress\/wp-content\/uploads\/2020\/11\/ISABEL-II-1024x573.jpg 1024w, http:\/\/nas-fmg.myds.me\/wordpress\/wp-content\/uploads\/2020\/11\/ISABEL-II-300x168.jpg 300w, http:\/\/nas-fmg.myds.me\/wordpress\/wp-content\/uploads\/2020\/11\/ISABEL-II-768x430.jpg 768w, http:\/\/nas-fmg.myds.me\/wordpress\/wp-content\/uploads\/2020\/11\/ISABEL-II.jpg 1248w\" sizes=\"(max-width: 1024px) 100vw, 1024px\" \/><\/figure>\n\n\n\n<p>A continuaci\u00f3n expondremos los acontecimientos m\u00e1s importantes para la educaci\u00f3n en Espa\u00f1a durante el reinado de Isabel II:<\/p>\n\n\n\n<p>En 1845 tuvo lugar el Plan Pidal cuyo objetivo principal era establecer una normativa general en el sistema educativo espa\u00f1ol y darle un papel destacado en el estado. <\/p>\n\n\n\n<p>La ley reguladora de la\u00a0ense\u00f1anza, conocida como\u00a0<strong>Ley Moyano<\/strong>, fue una ley\u00a0espa\u00f1ola\u00a0impulsada en\u00a01857\u00a0por el gobierno\u00a0moderado.\u200b Incorpor\u00f3 buena parte del\u00a0<em>Proyecto de Ley de Instrucci\u00f3n P\u00fablica<\/em>\u00a0del 9 de diciembre de 1855, elaborado durante el\u00a0Bienio Progresista\u00a0por el Ministro de Fomento\u00a0Manuel Alonso Mart\u00ednez. Se aprob\u00f3 gracias a la iniciativa legislativa promovida por\u00a0<a href=\"https:\/\/es.wikipedia.org\/wiki\/Claudio_Moyano\">Claudio Moyano<\/a>.  <\/p>\n\n\n\n<p>Con esta ley se intent\u00f3 mejorar la deplorable condici\u00f3n de la educaci\u00f3n en Espa\u00f1a, uno de los pa\u00edses europeos con mayor tasa de&nbsp;analfabetismo&nbsp;en esa d\u00e9cada, organizando los tres niveles de la primera ense\u00f1anza<\/p>\n\n\n\n<ul><li>Ense\u00f1anza primaria, obligatoria desde los 6 hasta los 9 a\u00f1os y gratuita para los que no pudieran pagarla, pero que en la pr\u00e1ctica depender\u00e1 de la iniciativa de los&nbsp;municipios&nbsp;o de la iniciativa privada.<\/li><li>La segunda ense\u00f1anza (ense\u00f1anza media, en la que se prev\u00e9 la apertura de&nbsp;institutos de bachillerato&nbsp;y&nbsp;<em>escuelas normales<\/em>&nbsp;de&nbsp;magisterio&nbsp;en cada capital de&nbsp;provincia, adem\u00e1s de permitir la&nbsp;ense\u00f1anza privada&nbsp;en los colegios religiosos, que recibir\u00e1n especial consideraci\u00f3n).<\/li><li>La&nbsp;ense\u00f1anza superior&nbsp;con las&nbsp;universidades&nbsp;(cuya gesti\u00f3n se reserva al&nbsp;Estado).<\/li><\/ul>\n\n\n\n<p> Las l\u00edneas fundamentales de la ley Moyano pervivieron hasta la&nbsp;<a href=\"https:\/\/es.wikipedia.org\/wiki\/Ley_General_de_Educaci%C3%B3n_de_1970\">Ley General de Educaci\u00f3n de 1970<\/a>. En 1974, se extendi\u00f3 la escolarizaci\u00f3n obligatoria hasta los 14 a\u00f1os <\/p>\n\n\n\n<figure class=\"wp-block-embed-youtube wp-block-embed is-type-video is-provider-youtube wp-embed-aspect-16-9 wp-has-aspect-ratio\"><div class=\"wp-block-embed__wrapper\">\n<div class=\"fitvids-video\"><iframe loading=\"lazy\" title=\"Claudio Moyano y su ley de educaci\u00f3n\" width=\"800\" height=\"450\" src=\"https:\/\/www.youtube.com\/embed\/k0ErzWEkwVk?feature=oembed\" frameborder=\"0\" allow=\"accelerometer; autoplay; clipboard-write; encrypted-media; gyroscope; picture-in-picture\" allowfullscreen><\/iframe><\/div>\n<\/div><figcaption>El se\u00f1or Claudio Moyano<\/figcaption><\/figure>\n\n\n\n<p><\/p>\n","protected":false},"excerpt":{"rendered":"<p>S.XIX &#8211; Ley Moyano A comienzos de siglo tuvo lugar &#8220;La Regencia&#8221; propone medidas para el arreglo de los diversas<\/p>\n","protected":false},"author":3,"featured_media":0,"parent":0,"menu_order":0,"comment_status":"closed","ping_status":"closed","template":"","meta":[],"_links":{"self":[{"href":"http:\/\/nas-fmg.myds.me\/wordpress\/wp-json\/wp\/v2\/pages\/1147"}],"collection":[{"href":"http:\/\/nas-fmg.myds.me\/wordpress\/wp-json\/wp\/v2\/pages"}],"about":[{"href":"http:\/\/nas-fmg.myds.me\/wordpress\/wp-json\/wp\/v2\/types\/page"}],"author":[{"embeddable":true,"href":"http:\/\/nas-fmg.myds.me\/wordpress\/wp-json\/wp\/v2\/users\/3"}],"replies":[{"embeddable":true,"href":"http:\/\/nas-fmg.myds.me\/wordpress\/wp-json\/wp\/v2\/comments?post=1147"}],"version-history":[{"count":3,"href":"http:\/\/nas-fmg.myds.me\/wordpress\/wp-json\/wp\/v2\/pages\/1147\/revisions"}],"predecessor-version":[{"id":1218,"href":"http:\/\/nas-fmg.myds.me\/wordpress\/wp-json\/wp\/v2\/pages\/1147\/revisions\/1218"}],"wp:attachment":[{"href":"http:\/\/nas-fmg.myds.me\/wordpress\/wp-json\/wp\/v2\/media?parent=1147"}],"curies":[{"name":"wp","href":"https:\/\/api.w.org\/{rel}","templated":true}]}}